{"id":237,"date":"2023-07-31T21:49:37","date_gmt":"2023-07-31T21:49:37","guid":{"rendered":"https:\/\/rosabor.com\/?page_id=237"},"modified":"2023-07-31T21:49:54","modified_gmt":"2023-07-31T21:49:54","slug":"preguntas-frecuentes","status":"publish","type":"page","link":"https:\/\/rosabor.com\/index.php\/preguntas-frecuentes\/","title":{"rendered":"Preguntas frecuentes"},"content":{"rendered":"<p>[et_pb_section fb_built=\u00bb1&#8243; _builder_version=\u00bb4.21.0&#8243; _module_preset=\u00bbdefault\u00bb global_colors_info=\u00bb{}\u00bb theme_builder_area=\u00bbpost_content\u00bb][et_pb_row _builder_version=\u00bb4.21.0&#8243; _module_preset=\u00bbdefault\u00bb global_colors_info=\u00bb{}\u00bb theme_builder_area=\u00bbpost_content\u00bb][et_pb_column type=\u00bb4_4&#8243; _builder_version=\u00bb4.21.0&#8243; _module_preset=\u00bbdefault\u00bb global_colors_info=\u00bb{}\u00bb theme_builder_area=\u00bbpost_content\u00bb][et_pb_text _builder_version=\u00bb4.21.0&#8243; _module_preset=\u00bbdefault\u00bb hover_enabled=\u00bb0&#8243; global_colors_info=\u00bb{}\u00bb theme_builder_area=\u00bbpost_content\u00bb sticky_enabled=\u00bb0&#8243;]<\/p>\n<h1>Preguntas frecuentes<\/h1>\n<p>&nbsp;<\/p>\n<p><b>\u00bfSe pueden cancelar los pedidos?<\/b><\/p>\n<p><span style=\"font-weight: 400;\">Debido al car\u00e1cter perecedero de las verduras, no es posible la cancelaci\u00f3n una vez se realice el pedido.<\/span><\/p>\n<p><b><\/b><\/p>\n<p><b>\u00bfM\u00e9todos de pago?<\/b><\/p>\n<p><span style=\"font-weight: 400;\">Puedes realizar el pago mediante tarjeta, transferencia o BIZUM.<\/span><\/p>\n<p>&nbsp;<\/p>\n<p><b>\u00bfQu\u00e9 ocurre si el pedido no llega en buen estado?<\/b><\/p>\n<p><span style=\"font-weight: 400;\">En Rosabor, tenemos un gran compromiso con la calidad y la frescura de nuestros productos, pero en el caso de que se diese dicha situaci\u00f3n, tenemos a la disposici\u00f3n de los clientes un n\u00famero de tel\u00e9fono al que poder llamar o escribir WhatsApp, con el fin de darle soluci\u00f3n a este tipo de problemas.<\/span><\/p>\n<p><span style=\"font-weight: 400;\">En el caso de que, o bien por el transporte o por cualquier error el producto no fuese optimo, se proceder\u00eda a la devoluci\u00f3n econ\u00f3mica integra del producto o al envi\u00f3 de una nueva cesta.<\/span><\/p>\n<p><span style=\"font-weight: 400;\">\u00a0<\/span><\/p>\n<p><span style=\"font-weight: 400;\">Para cualquier duda m\u00e1s o aclaraci\u00f3n, de c\u00f3mo funciona Rosabor, puedes ponerte en contacto con nosotros, estaremos encantados de atenderte.<\/span><\/p>\n<p>[\/et_pb_text][\/et_pb_column][\/et_pb_row][\/et_pb_section]<\/p>\n","protected":false},"excerpt":{"rendered":"<p>Preguntas frecuentes &nbsp; \u00bfSe pueden cancelar los pedidos? Debido al car\u00e1cter perecedero de las verduras, no es posible la cancelaci\u00f3n una vez se realice el pedido. \u00bfM\u00e9todos de pago? Puedes realizar el pago mediante tarjeta, transferencia o BIZUM. &nbsp; \u00bfQu\u00e9 ocurre si el pedido no llega en buen estado? En Rosabor, tenemos un gran compromiso [&hellip;]<\/p>\n","protected":false},"author":1,"featured_media":0,"parent":0,"menu_order":0,"comment_status":"closed","ping_status":"closed","template":"","meta":{"_et_pb_use_builder":"on","_et_pb_old_content":"<!-- wp:divi\/placeholder \/-->","_et_gb_content_width":"","footnotes":""},"class_list":["post-237","page","type-page","status-publish","hentry"],"_links":{"self":[{"href":"https:\/\/rosabor.com\/index.php\/wp-json\/wp\/v2\/pages\/237","targetHints":{"allow":["GET"]}}],"collection":[{"href":"https:\/\/rosabor.com\/index.php\/wp-json\/wp\/v2\/pages"}],"about":[{"href":"https:\/\/rosabor.com\/index.php\/wp-json\/wp\/v2\/types\/page"}],"author":[{"embeddable":true,"href":"https:\/\/rosabor.com\/index.php\/wp-json\/wp\/v2\/users\/1"}],"replies":[{"embeddable":true,"href":"https:\/\/rosabor.com\/index.php\/wp-json\/wp\/v2\/comments?post=237"}],"version-history":[{"count":3,"href":"https:\/\/rosabor.com\/index.php\/wp-json\/wp\/v2\/pages\/237\/revisions"}],"predecessor-version":[{"id":240,"href":"https:\/\/rosabor.com\/index.php\/wp-json\/wp\/v2\/pages\/237\/revisions\/240"}],"wp:attachment":[{"href":"https:\/\/rosabor.com\/index.php\/wp-json\/wp\/v2\/media?parent=237"}],"curies":[{"name":"wp","href":"https:\/\/api.w.org\/{rel}","templated":true}]}}